7*q**2 - 221*q**2 + q + 109*q**2 + q**3. Calculate o(5).
3
Let p(z) be the first derivative of z**4/4 + 2*z**3 + 3*z**2/2 - 6*z + 30. Let f be 7/14 - (-22)/(-4). What is p(f)?
4
Let a(y) = 3*y + 8. Let j = 2198 - 2191. Give a(j).
29
Let p(c) = -2 - 32*c**2 - c + 12*c**2 + 21*c**2. Suppose -t - 5*z - 10 = 0, 2*z = 2*t + 5 - 9. Determine p(t).
-2
Let y(p) = -3*p - 3 - 3*p + 2*p + 1 + 6*p. Calculate y(-5).
-12
Let s(b) = b**3 - 4*b**2 - 4*b - 5. Suppose 0 = -2*l + x + 11, 22 - 13 = -3*x. What is s(l)?
-21
Let f = -12 - -11. Let x(k) = k. Let s(j) = -j**2 + 12*j - 4. Let n(q) = f*s(q) + 6*x(q). Suppose -3*i + 3 = -15. Calculate n(i).
4
Let r(s) = -s**3 + 4*s**2 - 6*s + 5. Let d be r(3). Let t = -10 - -16. Let i(z) = 8 - 5 - 5*z**2 - t + 4*z**2. What is i(d)?
-19
Let d(o) be the second derivative of -o**4/8 - o**3/6 + 5*o**2 + 12*o. Let w(v) be the first derivative of d(v). Suppose -3 = 4*r + 5. What is w(r)?
5
Let h be (5/(-25))/(10/(-450)). Let u(d) = -d**3 + 12*d**2 - 27*d + 2. Give u(h).
2
Let f(x) = 7*x**2 - 3*x - 11. Let p(v) = -6*v**2 + 3*v + 10. Let g(q) = -5*f(q) - 6*p(q). What is g(4)?
-1
Let d(w) = w + 6. Let m be d(6). Let s = m - 10. Let j(o) = 2*o**s + 0 - 3*o + 2*o - 1 - 6*o**2. Determine j(-1).
-4
Suppose -3*r = -r + 16. Let g(b) = -b + 0*b + 134 - 271 + 133. Calculate g(r).
4
Let v(h) = 3*h**3 - 2*h**2 - h - 1. Let a(n) = -n + 1. Let d be a(-4). Let o(b) = 2*b - 5. Let c be o(d). Suppose k = 3*q - 7, -k - k + c*q - 11 = 0. Give v(k).
13
Let n(j) = j**3 - 5*j + 7 - 18 - 5*j**2 + 7. Let c be n(6). Let r(w) = 9*w**2 - 3*w - 2 - 8*w**2 + 3. Determine r(c).
-1
Let u(a) = -a - 10. Let c = -7 - -1. What is u(c)?
-4
Let v(q) = -q**2 - 2*q + 1. Let o(l) = 3*l**2 + 5*l - 2. Let n(d) = -2*o(d) - 7*v(d). Calculate n(-4).
-3
Let s = 8 + -11. Let q be (s - -5 - -1) + 0. Let z be 1/q + (-40)/12. Let h(a) = -a**2 - 2*a - 2. What is h(z)?
-5
Let m(o) = -o**3 + 9*o**2 + o + 11. Let h = -291 - -176. Let u = 124 + h. What is m(u)?
20
Let h(q) = q**3 - q + 1. Let c(a) = -3*a**3 - a**2 + a - 8. Let g(f) = c(f) + 4*h(f). Suppose -11*u = -12*u - 12. Let j = u + 15. Calculate g(j).
5
Let n = -2 + 7. Let t(p) = 2*p + 90. Let i be t(-45). Suppose -h - n - 1 = i. Let g(b) = b - 7. Give g(h).
-13
Let k(p) = -p - 10. Let r(u) = -u - 9. Let v(m) = 3*k(m) - 4*r(m). Let d be (-30)/12*(-3 + 1). Suppose d*j + 29 - 9 = 0. Determine v(j).
2
Let w be ((-1)/(-2))/(-2*(-14)/392). Let g(q) be the third derivative of -q**4/24 - q**3 + q**2. Calculate g(w).
-13
Let x(t) = -4*t**2 + 28*t - 7. Let u = 83 + -90. Let m(j) = 3*j**2 - 19*j + 5. Let r(k) = u*m(k) - 5*x(k). Give r(-5).
10
Let l = -22 - -20. Let a(q) = q**2 - 4*q + 1. Let w(o) = o**2 - o + 1. Let v(b) = l*w(b) + a(b). Let g be (28/(-35))/((-4)/(-10)). What is v(g)?
-1
Let q = -103 - -111. Let u(t) = -8*t - q*t + 22*t - 7*t. Determine u(8).
-8
Let t be 18/4*(-44)/99. Let m(s) = -4 + 7 - 2 - 10*s. What is m(t)?
21
Let k(m) = 14 - 4 + m - 1. Suppose 0 = 4*c + 10 - 26. Let v be (-10)/c*(-3 - -5). What is k(v)?
4
Let z(n) = n. Let b(p) = 3*p**2 - 2*p - 2. Let a(o) = -b(o) - 3*z(o). Give a(3).
-28
Let x(o) = -o**2 + 4*o + 3. Let n be 20/30 + 89/(-3). Let c = n - -34. What is x(c)?
-2
Let o(i) = -i + i**3 + i - 6 - i - 5*i**2. Let p(q) = -q**3 + 5*q**2 + q + 5. Let d(n) = -4*o(n) - 5*p(n). Suppose -j = y, 12*j - 17*j - 25 = 0. Calculate d(y).
-6
Let i(s) be the second derivative of -s**4/12 + 3*s**3/2 - 4*s**2 - 30*s + 4. Let r = -6 - -12. Determine i(r).
10
Let k(s) = 4*s**2 - 3*s. Let b be k(2). Suppose -3*t - 2*t = -b. Let f(c) = c**3 + c - 1. Determine f(t).
9
Let m(h) = h**2 - 14*h + 15. Let t be 1/(-1)*-2*(-26)/(-4). Calculate m(t).
2
Let i(p) = -p**3 - 10*p**2 - 8*p + 9. Let z be i(-9). Let v(h) = 3 - 5*h - 4*h**2 + z*h**2 + 3*h + 5*h**2. Give v(2).
3
Let x = -20 + 31. Let z(b) be the third derivative of -b**6/120 + b**5/5 - 11*b**4/24 - b**3/6 - 1834*b**2. Calculate z(x).
-1
Let i = 0 + 3. Let w(m) = m - 5 + 4 - 2*m + i. Let u = 56 - 56. Calculate w(u).
2
Let j(y) = -6*y + 243*y**2 - 124*y**2 - y**3 + 12 - 125*y**2. Calculate j(-6).
48
Suppose 3*y - 7 = -43. Let v be (5/(-20))/(3/y). Let b(p) = 7*p. What is b(v)?
7
Let s be 2/((-7)/(168/(-16))). Let x(i) be the second derivative of 5/6*i**4 + 0 - 1/20*i**5 + 5*i**2 - 5/3*i**s + 6*i. Calculate x(9).
1
Let n(g) = -g**3 - 15*g**2 - 14*g - 3. Let q be 255/(-18) - (-2)/12. Let u be n(q). Let l(a) = -2*a - 4. Calculate l(u).
2
Let h(f) be the second derivative of 3*f**5/2 - f**4/12 + f**2/2 + 220*f. Calculate h(1).
30
Let k(j) = -j**3 + 28*j**2 - j + 32. Suppose 280 = -12*d + 22*d. Determine k(d).
4
Suppose -l - 3*y + 8 = 0, 0*y + 6 = -l + 4*y. Let g(b) = -2*b**2 + b. Calculate g(l).
-6
Let j = 279 + -269. Let a(v) = -v**2 + 9*v + 12. Calculate a(j).
2
Let g(w) = -w + 7. Let r = 17 + -1. Let y = -10 + r. Calculate g(y).
1
Let p(n) = 4*n - 4. Let t(f) be the second derivative of -f**3/3 - 3*f**2 - 3*f. Let y be t(-7). Suppose y*k = 4*k + 16. Give p(k).
12
Let z(k) be the second derivative of -k**5/10 - k**4/6 + 18*k + 1. Give z(-2).
8
Let p(i) = -6*i + 6. Suppose 0 = -l - 3, -6 = -5*b - 4*l - 8. Give p(b).
-6
Let a = 348 + -345. Let r(d) = d**3 - 2*d**2 + 3*d + 4. Give r(a).
22
Let y = 156 + -159. Let o(g) = g**2 - g - 1. What is o(y)?
11
Suppose -15 + 4 = -2*w - 3*q, -4*w = q - 7. Let u(y) = 8*y**2 - y. Determine u(w).
7
Let v be -3 - (-70)/30 - 4/(-6). Let r(u) = -u + 14. Calculate r(v).
14
Suppose 0*d - 3*q + 13 = -5*d, -4*d = 4*q + 36. Let m be 2/1*-3*d/6. Let x(b) = b**3 - 6*b**2 + 8*b - 7. Determine x(m).
8
Suppose 4*c = -5*v + 49, -17*c + 14*c + 2*v = -8. Let f(p) = p**3 - 6*p**2 + 3*p - 6. Determine f(c).
12
Let m(q) = 2*q + 10. Suppose 0 = -10*x - 38 + 168. What is m(x)?
36
Let f(w) = w - 2. Let s(c) = c**2 - 4*c + 7. Let g(i) = -4*f(i) - s(i). Calculate g(-2).
-3
Let r(a) = a + 7. Let d = -22 - -27. Suppose -d*f + 11 = -19. Determine r(f).
13
Let y(l) = 9*l + 3 - 7 + 15 - 8 + l**2. What is y(-7)?
-11
Let z(j) = -13*j**3 + 10*j**2 - 5*j + 4. Let a(o) = o**3 + 2*o**2 - o + 1. Let q(l) = 4*a(l) - z(l). Give q(1).
16
Let g(l) = 20*l**3 + 16*l - 12*l**3 - 7*l**3 - l - 7 - 16*l**2. What is g(15)?
-7
Suppose 0 = -d - 0*d + 3*f - 7, -2*d + f = -1. Let i = d + -3. Let l(a) be the first derivative of -3*a**3 - a**2/2 - a + 27. What is l(i)?
-9
Let w(f) = 24*f**3 - 2*f + 1. Let r be (-52)/(-44) + 16/(-88). Determine w(r).
23
Let b(r) = -17*r**2 + 5*r. Let o(c) = -c**2 + c. Let l(k) = -b(k) + 4*o(k). Determine l(1).
12
Let y(b) = 4*b**2 + 7*b + 17. Let z(t) = 5*t**2 + 7*t + 19. Let f(g) = -4*y(g) + 3*z(g). Give f(-4).
1
Suppose -2*a + 16 = -4*r + 88, 2*r = -4*a + 56. Suppose 4*c = 4*t + r, -5*t - 2*c - c + 15 = 0. Let k(o) = t*o + 1 + o + 0 - 2*o. Calculate k(2).
-1
Let f = -483/2 - -244. Let h(d) be the second derivative of 0 - 9*d - 1/12*d**4 + 7/6*d**3 + f*d**2. Determine h(7).
5
Let w(p) = p**2 - 3*p - 11. Let y(b) = 5*b - 70. Let d be y(15). Determine w(d).
-1
Suppose 17*g = -55 + 174. Let y(t) = t**3 - 6*t**2 - 9*t + 9. What is y(g)?
-5
Let z(j) be the first derivative of j**4/4 + j**3/3 + 6*j - 1. Suppose 3*q - 9*k + 8 = -5*k, 10 = 3*q + 5*k. What is z(q)?
6
Let j(h) = -6 - h**2 + 0 - 3 + 9*h. Let y = 112 - 36. Let w = -70 + y. Calculate j(w).
9
Suppose 5 - 2 = w - i, 0 = i + 1. Let j(d) be the first derivative of d**4/4 - 2*d**3/3 + d**2 - d - 182. Give j(w).
3
Let q(c) = -8*c - 5*c + 2 - 2*c + 14*c + 5. Determine q(0).
7
Let a(w) = w**2 - 2*w - 13. Let l(r) = r - 3. Let u(q) = a(q) - 3*l(q). What is u(6)?
2
Let o(u) = 4*u**3 + u**2 - 9*u - 6. Let a(y) = 7*y**3 + 3*y**2 - 17*y - 11. Let v(c) = -3*a(c) + 5*o(c). What is v(-4)?
-21
Let b(w) be the second derivative of w**7/1260 + w**6/720 - w**5/30 + 17*w**4/12 + 28*w. Let r(o) be the third derivative of b(o). Give r(3).
17
Suppose 16*w = 14*w + 100. Suppose w - 55 = a. Let h(m) = 2*m + 7. What is h(a)?
-3
Let j(a) be the first derivative of 0*a**2 - 14 - a + a**3 - 1/2*a**4. Give j(2).
-5
Let k(u) = 0 + 2 + 2 + 4*u**2 - 2 - u**3. Suppose 9*o - 5*o = 16. Determine k(o).
2
Let o(b) = -b**3 + 9*b**2 - 3*b - 3. Let x(l) = -l**2 - l. Let p(i) = o(i) + 2*x(i). Let t(j) = 11*j + 6. Let s be t(0). What is p(s)?
3
Let d(t) = t**2 - t - 9. Let w be d(4). Let o(q) = 11*q - w*q - 7*q. Let l(c) = 8*c - 6. Let x(b) = l(b) - 1